tors of 35662790.
2, 5, 199, 17921
What are the prime factors of 1540309?
1540309
List the prime factors of 26378386.
2, 1297, 10169
What are the prime factors of 44973?
3, 19, 263
List the prime factors of 284781.
3, 7, 71, 191
List the prime factors of 88993.
88993
List the prime factors of 30867817.
23, 1342079
What are the prime factors of 364884?
2, 3, 13, 2339
What are the prime factors of 183507?
3, 61169
What are the prime factors of 1142804?
2, 13, 21977
What are the prime factors of 15641773?
7, 2234539
What are the prime factors of 5496832?
2, 11, 61
List the prime factors of 11204107.
11204107
List the prime factors of 227401.
23, 9887
List the prime factors of 548966.
2, 11, 24953
List the prime factors of 2108365.
5, 7, 59, 1021
What are the prime factors of 422230?
2, 5, 42223
List the prime factors of 1813160.
2, 5, 45329
List the prime factors of 602720.
2, 5, 3767
List the prime factors of 877994.
2, 13, 33769
List the prime factors of 100175.
5, 4007
List the prime factors of 645303.
3, 17, 12653
What are the prime factors of 5004554?
2, 449, 5573
List the prime factors of 11391681.
3, 7, 542461
What are the prime factors of 21932173?
21932173
What are the prime factors of 7316047?
23, 37, 8597
List the prime factors of 907485.
3, 5, 101, 599
List the prime factors of 14589288.
2, 3, 7, 9649
List the prime factors of 102664.
2, 41, 313
List the prime factors of 25010690.
2, 5, 59, 42391
What are the prime factors of 3795905?
5, 759181
List the prime factors of 10901239.
10901239
List the prime factors of 30632305.
5, 11, 241, 2311
List the prime factors of 709182.
2, 3, 23, 571
List the prime factors of 78268.
2, 17, 1151
What are the prime factors of 776462?
2, 388231
What are the prime factors of 228555?
3, 5, 1693
List the prime factors of 1406645.
5, 29, 89, 109
List the prime factors of 9937355.
5, 1987471
List the prime factors of 174328.
2, 7, 11, 283
List the prime factors of 893219.
893219
What are the prime factors of 613342?
2, 131, 2341
List the prime factors of 9421416.
2, 3, 19, 71, 97
List the prime factors of 568104.
2, 3, 23671
List the prime factors of 97843.
97843
What are the prime factors of 4357181?
419, 10399
List the prime factors of 4902471.
3, 7, 25939
List the prime factors of 82583.
269, 307
List the prime factors of 856339.
11, 77849
List the prime factors of 33477225.
3, 5, 446363
What are the prime factors of 13350446?
2, 6675223
What are the prime factors of 58164?
2, 3, 37, 131
What are the prime factors of 4700490?
2, 3, 5, 156683
What are the prime factors of 119828?
2, 29, 1033
List the prime factors of 227741.
53, 4297
List the prime factors of 927205.
5, 185441
List the prime factors of 416025.
3, 5, 43
What are the prime factors of 402456?
2, 3, 41, 409
What are the prime factors of 66041?
66041
What are the prime factors of 99388?
2, 24847
What are the prime factors of 3359152?
2, 71, 2957
List the prime factors of 2938059.
3, 17, 37, 173
List the prime factors of 8656826.
2, 4328413
List the prime factors of 9940991.
23, 67, 6451
What are the prime factors of 380694?
2, 3, 67, 947
What are the prime factors of 1391629?
1391629
List the prime factors of 1961052.
2, 3, 17, 9613
List the prime factors of 560104.
2, 53, 1321
List the prime factors of 77584.
2, 13, 373
List the prime factors of 5063541.
3, 7, 41, 5881
List the prime factors of 19227873.
3, 7, 915613
List the prime factors of 732478.
2, 366239
What are the prime factors of 17537?
13, 19, 71
List the prime factors of 6909110.
2, 5, 13, 53147
What are the prime factors of 1089801?
3, 181, 223
What are the prime factors of 23675399?
11, 2152309
List the prime factors of 8144563.
7, 29, 53, 757
What are the prime factors of 1260831?
3, 11, 13, 2939
What are the prime factors of 304327?
31, 9817
List the prime factors of 10970187.
3, 31, 117959
What are the prime factors of 9681018?
2, 3, 1613503
What are the prime factors of 424965?
3, 5, 41, 691
What are the prime factors of 2649199?
7, 263, 1439
List the prime factors of 23580.
2, 3, 5, 131
What are the prime factors of 1526280?
2, 3, 5, 7, 23, 79
What are the prime factors of 17799256?
2, 2224907
List the prime factors of 7295515.
5, 127, 11489
List the prime factors of 3568392.
2, 3, 29, 1709
List the prime factors of 13486874.
2, 6743437
List the prime factors of 3812356.
2, 83, 11483
List the prime factors of 17221893.
3, 13, 441587
List the prime factors of 1445096.
2, 31, 5827
List the prime factors of 503394.
2, 3, 53, 1583
What are the prime factors of 39649437?
3, 4405493
List the prime factors of 284631.
3, 17, 5581
What are the prime factors of 3417367?
229, 14923
What are the prime factors of 5825786?
2, 2912893
What are the prime factors of 106482?
2, 3, 17747
List the prime factors of 38980794.
2, 3, 6496799
What are the prime factors of 5347499?
37, 113, 1279
What are the prime factors of 329689?
439, 751
What are the prime factors of 2435148?
2, 3, 17, 23, 173
List the prime factors of 12367737.
3, 113, 12161
List the prime factors of 874961.
157, 5573
What are the prime factors of 12925356?
2, 3, 23, 46831
What are the prime factors of 280739?
383, 733
What are the prime factors of 2937702?
2, 3, 17, 83, 347
What are the prime factors of 253127?
7, 36161
What are the prime factors of 136599?
3, 45533
List the prime factors of 792019.
29, 31, 881
List the prime factors of 6077353.
1433, 4241
What are the prime factors of 32366?
2, 16183
What are the prime factors of 32124729?
3, 7, 13, 117673
What are the prime factors of 9396267?
3, 491, 6379
List the prime factors of 30467235.
3, 5, 263, 7723
List the prime factors of 588670.
2, 5, 37, 43
List the prime factors of 423919.
241, 1759
What are the prime factors of 175717?
199, 883
List the prime factors of 66163.
109, 607
List the prime factors of 49836.
2, 3, 4153
What are the prime factors of 1243576?
2, 359, 433
What are the prime factors of 11005569?
3, 23, 79, 673
What are the prime factors of 2533639?
239, 10601
List the prime factors of 722529.
3, 43, 1867
What are the prime factors of 438962?
2, 139, 1579
List the prime factors of 6938200.
2, 5, 113, 307
List the prime factors of 1231145.
5, 73, 3373
What are the prime factors of 16564688?
2, 7, 131, 1129
What are the prime factors of 652663?
11, 59333
List the prime factors of 894795.
3, 5, 11, 17, 29
List the prime factors of 5541.
3, 1847
What are the prime factors of 64011?
3, 19, 1123
List the prime factors of 769186.
2, 11, 34963
List the prime factors of 49441.
7, 1009
What are the prime factors of 52385?
5, 10477
List the prime factors of 8017796.
2, 41, 48889
What are the prime factors of 772802?
2, 386401
List the prime factors of 790430.
2, 5, 79043
What are the prime factors of 5224261?
7, 41, 109, 167
What are the prime factors of 14770711?
3769, 3919
What are the prime factors of 16853226?
2, 3, 13, 433, 499
List the prime factors of 10343208.
2, 3, 17, 101, 251
What are the prime factors of 1043327?
41, 25447
What are the prime factors of 11540144?
2, 7, 11, 17, 19, 29
What are the prime factors of 43649?
43649
What are the prime factors of 205433?
205433
What are the prime factors of 8819778?
2, 3, 11, 133633
List the prime factors of 11215586.
2, 19, 71, 4157
What are the prime factors of 116391?
3, 11, 3527
What are the prime factors of 206764?
2, 51691
What are the prime factors of 2987152?
2, 7, 149, 179
List the prime factors of 26703501.
3, 11, 79, 10243
List the prime factors of 4458560.
2, 5, 13933
What are the prime factors of 1908976?
2, 119311
List the prime factors of 2353351.
7, 11, 13, 2351
List the prime factors of 18333854.
2, 7, 11, 17, 47, 149
List the prime factors of 2066343.
3, 23, 29947
List the prime factors of 1969841.
17, 115873
List the prime factors of 16665.
3, 5, 11, 101
What are the prime factors of 8071873?
23, 31, 11321
List the prime factors of 15736180.
2, 5, 19, 41411
List the prime factors of 14052353.
7, 17, 263, 449
List the prime factors of 5692938.
2, 3, 163, 5821
List the prime factors of 7793.
7793
List the prime factors of 166099.
166099
What are the prime factors of 3096770?
2, 5, 309677
List the prime factors of 645989.
43, 83, 181
List the prime factors of 6720420.
2, 3, 5, 7, 16001
List